n divisor of 32 and r.
16
Suppose 6*o + 65 = o. Let q = o + 15. Calculate the greatest common divisor of q and 3.
1
Let m be ((-15)/25)/((-3)/10). Suppose m*s - 49 = 27. What is the highest common divisor of 38 and s?
38
Suppose 4*z + 16 = 0, 2*p - 2*z = -p + 98. What is the highest common factor of p and 20?
10
Suppose -3*s - 5*q + 106 = 0, -4*q = -2*s + 20 + 14. Let t = s + -13. Let w(i) = i**2 + 6*i - 9. Let n be w(9). What is the highest common divisor of n and t?
14
Let s be (-176)/(-16) + 2 + 1267. What is the highest common factor of 240 and s?
80
Let v be 570/76*(92/12 - 1). What is the greatest common factor of 850 and v?
50
Suppose -2*z + s + 277 = -z, 0 = -4*z - 2*s + 1120. Let r be -28 + (-3 - 12/(-3)) - -2. Let i = r - -56. What is the highest common divisor of z and i?
31
Suppose -11*v + 5*v = -12. Suppose -5*u + x = 2*x - 9, -4*u - 4 = -v*x. What is the highest common factor of u and 7?
1
Let n(q) = -2*q**3 - 30*q**2 - 15*q + 10. Let x be n(-15). Calculate the greatest common divisor of x and 94.
47
Let y(j) = j - 12. Suppose -3*b - 4*u = -7 - 45, -5*u - 97 = -3*b. Let r be y(b). Calculate the greatest common factor of r and 42.
6
Let u(r) = r. Let c(i) = -3*i**2 - 15*i + 22. Let b(v) = -c(v) - 4*u(v). Let p be b(6). Calculate the greatest common factor of 19 and p.
19
Let h be 70/3*(-75)/(-50). Suppose r - 2835 = -8*r. What is the greatest common factor of r and h?
35
Suppose 3*m - 7 + 1 = 0. Suppose 2*o + 5*y - 47 = -m*o, -28 = -2*o + 2*y. What is the highest common factor of 13 and o?
13
Let s = -9 + 14. Suppose -2*q + 5*j - 23 = 0, 0 = -3*q + s*j - 31 + 9. Calculate the highest common factor of q and 4.
1
Suppose 227*t - 2640 = 207*t. Calculate the highest common divisor of 88 and t.
44
Let f be (((-4)/(-7))/1)/(34/357). Let u be ((-100)/(-2))/(4/(-2 + f)). What is the highest common divisor of u and 450?
50
Let q(w) = -5*w**3 + 3*w**2 + 3*w + 3. Let r be q(-2). Suppose 6*p - r = 17. What is the greatest common divisor of 77 and p?
11
Let n = 562 + -137. Calculate the highest common factor of n and 17.
17
Let s be 81/45*25/15. Calculate the highest common divisor of s and 69.
3
Let j(m) = 265*m**2 - m. Let t be j(1). Calculate the greatest common factor of 12 and t.
12
Suppose 49*h = 46*h + 21. Let o = -9 + 65. Calculate the highest common factor of o and h.
7
Suppose 2*f = f + 3*n + 10, -5*n - 5 = 0. Let v(z) = z**3 - 5*z**2 - 8*z + 3. Let a be v(f). Calculate the greatest common divisor of a and 18.
9
Let w(z) = -9*z + 47. Let h be w(-4). Calculate the greatest common factor of h and 83.
83
Let m be -12*((-30)/9 - -3). Suppose 4*q - 52 = b - 13, 54 = m*q + 2*b. Calculate the greatest common divisor of 1 and q.
1
Let g(a) = -12*a - 9. Suppose 0 = -31*t + 30*t - 4. Let w be g(t). Calculate the greatest common divisor of w and 195.
39
Let i = 5 - 5. Let v be 33 - ((1 - i) + 2). Suppose -4*o = -u + 27, -u + 3*u - v = 2*o. Calculate the greatest common factor of u and 77.
11
Let s(k) = 113*k + 4. Let q be s(2). Let l = 338 - q. Suppose -23 = 2*o - 59. Calculate the greatest common divisor of l and o.
18
Suppose -5*l - 72 = -9*l. Calculate the highest common factor of l and 90.
18
Suppose -27*p = -15*p - 1260. Let q = 10 - -9. Suppose -q = -4*n + 41. What is the highest common divisor of n and p?
15
Let m = -9 - -65. Suppose 6*l = 10 + m. Let t(x) = x**3 - 2*x**2 - 6*x + 3. Let k be t(4). Calculate the greatest common factor of l and k.
11
Let r = 98 - 92. Let o(x) = 26*x - 35. Let h be o(r). What is the greatest common factor of h and 11?
11
Suppose -7*s + 5*s = 88. Let n = s + 62. What is the highest common factor of 27 and n?
9
Let y = 2609 + -2598. Calculate the highest common factor of y and 2761.
11
Suppose -46 + 126 = 2*w. Let u be -2 + (-156 + -4)/(-5). Suppose 82*q = 79*q + u. Calculate the highest common factor of w and q.
10
Suppose -34 - 56 = -3*z. Calculate the greatest common factor of z and 260.
10
Let v be 2/(-7) + 970/(-35). Let r = 34 + v. What is the highest common factor of 12 and r?
6
Suppose 0 = 6*l - 5*l + 4*r + 3, l = 5*r + 33. Calculate the greatest common factor of l and 39.
13
Suppose 21*b - 17*b = 56. What is the highest common divisor of b and 35?
7
Let k(g) = 7*g**2 + 26*g + 10. Let y(z) = 6*z**2 + 25*z + 10. Let m(o) = 2*k(o) - 3*y(o). Let q be m(-4). Calculate the greatest common divisor of 30 and q.
6
Let c = -30 + 52. Let h = c - 14. What is the highest common factor of 24 and h?
8
Let a = -10 - -46. Let k be a/48 + 126/(-8). Let f be k/(-35) + 106/14. Calculate the greatest common factor of 1 and f.
1
Let h(v) = -2*v**2 - 12*v - 8. Let k be h(-5). Suppose 2*i - 5*r - 111 = -k*i, 0 = 4*i + 4*r - 156. Calculate the highest common divisor of i and 51.
17
Let b be ((-2)/6)/(12/(-36)). What is the highest common factor of b and 61?
1
Suppose w + 2*m - 178 = 0, 536 + 170 = 4*w + 2*m. Suppose 11*f - 27*f + 352 = 0. What is the greatest common divisor of f and w?
22
Let v = 19 + -15. Suppose 4*x = -2 - 2, v*n - 279 = -x. Suppose 4*k = 90 + n. What is the highest common divisor of k and 5?
5
Let h = -605 - -700. What is the greatest common divisor of 2945 and h?
95
Let t(h) = 2*h**3 + 5*h**2 - 4*h. Let x be t(-3). What is the greatest common factor of 3 and x?
3
Let g be (4/8)/((-41)/(-4838)). Calculate the highest common factor of 3953 and g.
59
Let p be (-172)/(-3)*(-81)/(-18). Suppose 0 = -2*r + 34 + p. Let d be (8 + r)*1/2. What is the greatest common divisor of 11 and d?
11
Let x be 73 - (2 - 4)/(-2). Let c be 3 + -1 + (1 - 1). Suppose 4*t + q - 31 = 0, 3*t + c*t + q - 39 = 0. Calculate the highest common divisor of t and x.
8
Suppose 5*p + 7*u - 3*u + 39 = 0, 0 = p + 2*u + 9. Let t(l) = l**3 + 6*l**2 - 10*l - 11. Let z be t(p). Calculate the greatest common divisor of z and 2.
2
Suppose 2*l = -2*h + 650, -4*l = -6*h + 8*h - 644. Calculate the highest common factor of 24 and h.
8
Let l(a) = a - 14. Let u be l(14). Suppose -y - 2*y + 2*x = 7, -2*y - 3*x - 9 = u. Let m = 7 + y. Calculate the highest common factor of m and 12.
4
Suppose 0 = 16*q - 2034 + 354. Calculate the highest common divisor of q and 21.
21
Let i be 1*(-1 + (-1 - -6)). Suppose -i*a + 2*a - 5*w = -60, 2*w - 90 = -3*a. Suppose -271*c - 1920 = -279*c. Calculate the highest common factor of a and c.
30
Let u = -11 - -8. Let v be (27 + 9/u)*2. Calculate the highest common divisor of 192 and v.
48
Let m(b) = -7*b + 33. Let u be m(3). Suppose -5*y - 18 = -78. Calculate the highest common factor of y and u.
12
Let o be -76 + 105 + 6 + 0. Let s be (-1 - -13)/2 - -1. Calculate the highest common factor of s and o.
7
Let i be (15/2)/(-1)*(-8)/4. Let q be (32/1)/(3/i). Calculate the greatest common factor of 20 and q.
20
Let u be (-13 + 15 - (-4 - -2)) + 65. Let s(c) = -c**3 + 46. Let j be s(0). Calculate the highest common factor of j and u.
23
Let g(l) = -14*l - 5*l**2 - 2*l**2 + 15 + 9*l**2. Let x be g(7). What is the highest common divisor of 120 and x?
15
Let m = -29 - -17. Let i be (-142)/m + (-3)/(-18). Let o be (-101)/(-3) + (-8)/i. What is the highest common factor of o and 22?
11
Suppose -31*a + 437 = 96. What is the highest common divisor of 341 and a?
11
Let g = -1 + 5. Suppose g*s = 10 + 6. Suppose s*l + 380 - 1020 = 0. What is the greatest common divisor of l and 16?
16
Suppose 179 - 611 = -54*r. Let k = 110 - 38. What is the greatest common divisor of r and k?
8
Let q = 135 + -45. Calculate the greatest common factor of q and 60.
30
Let s(u) = 49*u**2 - 7*u - 2. Let g be s(-1). What is the highest common factor of 864 and g?
54
Let q(w) = 2*w**2 - 8*w + 3. Let l(g) = -g**3 - 7*g**2 - 8*g - 7. Let a be l(-6). Let n be q(a). Calculate the greatest common divisor of n and 13.
13
Let k(x) = -x - 12. Let y be k(-12). Suppose y*s = 4*s - 1044. What is the greatest common factor of 29 and s?
29
Suppose -2*x + x - 14 = 0. Let d = -11 - x. Let p = 6 + d. What is the highest common factor of 72 and p?
9
Suppose -42*a = -36553 - 10109. Calculate the greatest common factor of 303 and a.
101
Let g(a) = -2*a - 24. Let d be g(-13). Suppose 2*y = j - 63, -4*j + 4*y - d*y = -258. What is the highest common factor of j and 26?
13
Let i = 649 - 488. What is the highest common factor of 21 and i?
7
Let k = -38 - -63. Let m = -4310 + 4360. Wha